digit of 854312285?
3
What is the ten thousands digit of 20708035?
0
What is the hundred thousands digit of 2207819623?
8
What is the hundred thousands digit of 2514439135?
4
What is the ten thousands digit of 37604333?
0
What is the hundred thousands digit of 26531479?
5
What is the tens digit of 38138340?
4
What is the billions digit of 5901624368?
5
What is the millions digit of 27378374?
7
What is the hundred millions digit of 1061398213?
0
What is the thousands digit of 310310562?
0
What is the hundreds digit of 93377645?
6
What is the tens digit of 151101532?
3
What is the units digit of 1681343627?
7
What is the hundred thousands digit of 2290266711?
2
What is the ten thousands digit of 15875902?
7
What is the millions digit of 1660024865?
0
What is the billions digit of 1133012993?
1
What is the thousands digit of 2953011284?
1
What is the hundred thousands digit of 35520525?
5
What is the hundreds digit of 777749?
7
What is the hundred millions digit of 2281744124?
2
What is the units digit of 1047589623?
3
What is the units digit of 506776730?
0
What is the hundreds digit of 3954404210?
2
What is the hundreds digit of 3959509007?
0
What is the hundred thousands digit of 15888515?
8
What is the ten millions digit of 185660221?
8
What is the units digit of 916458179?
9
What is the millions digit of 173270805?
3
What is the millions digit of 1053386189?
3
What is the tens digit of 3139956926?
2
What is the ten thousands digit of 6368092?
6
What is the hundreds digit of 141758941?
9
What is the millions digit of 1546389735?
6
What is the tens digit of 334298866?
6
What is the hundred thousands digit of 128220136?
2
What is the tens digit of 551580569?
6
What is the millions digit of 777488060?
7
What is the tens digit of 219542715?
1
What is the hundred thousands digit of 130167529?
1
What is the units digit of 65032143?
3
What is the hundred millions digit of 1758675031?
7
What is the ten millions digit of 21756093?
2
What is the hundred millions digit of 224316693?
2
What is the millions digit of 374860132?
4
What is the tens digit of 2909985196?
9
What is the ten thousands digit of 123028514?
2
What is the hundreds digit of 56046514?
5
What is the hundred millions digit of 1301446783?
3
What is the ten thousands digit of 340499734?
9
What is the ten thousands digit of 1904724667?
2
What is the hundred thousands digit of 4076145107?
1
What is the tens digit of 371306893?
9
What is the units digit of 196885933?
3
What is the hundred millions digit of 1919132312?
9
What is the units digit of 197053887?
7
What is the thousands digit of 468989177?
9
What is the ten millions digit of 135653570?
3
What is the thousands digit of 33302317?
2
What is the hundred thousands digit of 60258056?
2
What is the millions digit of 279856458?
9
What is the units digit of 406032966?
6
What is the hundreds digit of 306535687?
6
What is the millions digit of 6502260104?
2
What is the tens digit of 289917954?
5
What is the units digit of 240417542?
2
What is the millions digit of 4174607909?
4
What is the ten thousands digit of 313402486?
0
What is the hundred thousands digit of 9239576?
2
What is the ten millions digit of 189937085?
8
What is the thousands digit of 72623007?
3
What is the hundreds digit of 72457076?
0
What is the hundred thousands digit of 159907757?
9
What is the thousands digit of 44648062?
8
What is the ten millions digit of 42991696?
4
What is the thousands digit of 65635981?
5
What is the hundreds digit of 543525742?
7
What is the millions digit of 2649720000?
9
What is the units digit of 658904945?
5
What is the millions digit of 207702760?
7
What is the hundreds digit of 2043338581?
5
What is the thousands digit of 5137370252?
0
What is the units digit of 53864917?
7
What is the tens digit of 13250828?
2
What is the thousands digit of 41483906?
3
What is the tens digit of 1993377682?
8
What is the tens digit of 133771604?
0
What is the thousands digit of 4522041?
2
What is the hundred thousands digit of 234723673?
7
What is the thousands digit of 1057208658?
8
What is the thousands digit of 1608315365?
5
What is the thousands digit of 1580778214?
8
What is the ten millions digit of 66183583?
6
What is the units digit of 75539380?
0
What is the hundreds digit of 2995735117?
1
What is the ten millions digit of 800852693?
0
What is the hundreds digit of 145274484?
4
What is the millions digit of 64069632?
4
What is the thousands digit of 15689542?
9
What is the thousands digit of 88811632?
1
What is the ten thousands digit of 317653562?
5
What is the ten millions digit of 40038133?
4
What is the hundreds digit of 247889764?
7
What is the tens digit of 114545549?
4
What is the hundred thousands digit of 139371946?
3
What is the ten thousands digit of 158787497?
8
What is the units digit of 530686711?
1
What is the hundreds digit of 56475957?
9
What is the hundreds digit of 6148400469?
4
What is the hundred thousands digit of 21133177?
1
What is the hundred thousands digit of 46480811?
4
What is the billions digit of 7205313601?
7
What is the hundred millions digit of 168797992?
1
What is the hundred millions digit of 211610451?
2
What is the units digit of 593138903?
3
What is the hundreds digit of 69082038?
0
What is the ten millions digit of 48068054?
4
What is the billions digit of 3118023690?
3
What is the units digit of 257565710?
0
What is the hundred thousands digit of 477152188?
1
What is the units digit of 3621060039?
9
What is the hundreds digit of 361492505?
5
What is the hundred millions digit of 132357246?
1
What is the millions digit of 30365809?
0
What is the tens digit of 126244902?
0
What is the billions digit of 1455670080?
1
What is the hundred thousands digit of 47147966?
1
What is the tens digit of 17878521?
2
What is the units digit of 111573789?
9
What is the hundred thousands digit of 41120814?
1
What is the ten thousands digit of 25386224?
8
What is the tens digit of 74690297?
9
What is the hundred thousands digit of 981513723?
5
What is the ten thousands digit of 96825637?
2
What is the ten millions digit of 18380016?
1
What is the hundred thousands digit of 2128903664?
9
What is the ten thousands digit of 18586065?
8
What is the ten thousands digit of 100868559?
6
What is the tens digit of 237410016?
1
What is the tens digit of 3743324753?
5
What is the hundred thousands digit of 547643783?
6
What is the hundred thousands digit of 56095237?
0
What is the millions digit of 1040509091?
0
What is the millions digit of 111506988?
1
What is the hundred thousands digit of 1987940318?
9
What is the hundred millions digit of 525441857?
5
What is the hundred millions digit of 2546025712?
5
What is the units digit of 5088427766?
6
What is the hundred millions digit of 4915885958?
9
What is the millions digit of 465952379?
5
What is the units digit of 176254804?
4
What is the hundreds digit of 57635755?
7
What is the thousands digit of 3536416428?
6
What is the ten thousands digit of 618949185?
4
What is the tens digit of 243569859?
5
What is the billions digit of 4110523304?
4
What is the ten thousands digit of 21759131?
5
What is the hundreds digit of 1949613?
6
What is the millions digit of 8005688417?
5
What is the hundreds digit of 837727156?
1
What is the units digit of 1537161379?
9
What is the hundred thousands digit of 327811162?
8
What is the tens digit of 161818634?
3
What is the ten thousands digit of 2507550400?
5
What is the tens digit of 2158773?
7
What is the thousands digit of 21685794?
5
What is the thousands digit of 7159274?
9
What is the ten millions digit of 150516862?
5
What is the hundred millions digit of 1472117105?
4
What is the hundreds digit of 6144363?
3
What is the thousands digit of 37048829?
8
What is the hundred thousands digit of 109296181?
2
What is the units digit of 135361891?
1
What is the millions digit of 110183630?
0
What is the units digit of 43204897?
7
What is the ten millions digit of 40345746?
4
What is the hundreds digit of 2439866266?
2
What is the millions digit of 4164746882?
4
What is the thousands digit of 97273106?
3
What is the ten thousands digit of 303145411?
4
What is the millions digit of 2991289351?
1
What is the units digit of 5500763090?
0
What is the hund